11, -3*z - 4*t - 194 = o. What are the prime factors of (-2)/3 - z/6?
3
Let j(u) = u**2 - 5*u - 19. Let g be j(9). Let i(s) = 2*s - 2. List the prime factors of i(g).
2
Suppose 6 = -r - 6. Let o be 14/r*-3*2. List the prime factors of 26/o + 4/14.
2
Let z(x) = 8*x. Let a be z(1). Let l(j) = -j**3 + a*j**2 + 2*j - 3*j + 3 - 5*j. List the prime factors of l(7).
2, 5
Let a(w) = 3*w + 11. Let s(o) = o. Let h be ((-16)/(-6))/4*-3. Let z(u) = h*s(u) + a(u). List the prime factors of z(0).
11
Suppose 0 = -9*y + 13*y. Suppose y = -0*t + 3*t - 96. What are the prime factors of t?
2
What are the prime factors of 426/15 + 2/(-5)?
2, 7
Let r(o) = -3*o + 2. Let a be r(-6). Suppose a = 13*c - 9*c. Suppose 6*l - 20 = c*l. What are the prime factors of l?
2, 5
Suppose -7*i = -9*i + 10. Suppose 2*w + 3*f - 33 = 0, -2*w + i*f + 121 = 2*w. List the prime factors of w.
2, 3
Let u(v) = -v**2 - 18*v + 3. Let s be (-1 - 1)*(-34)/(-4). What are the prime factors of u(s)?
2, 5
Suppose 3*t + 39 = 4*t + 2*x, -t + 33 = 5*x. Let i = 17 - t. Let p = -15 - i. What are the prime factors of p?
11
Suppose 188 = 5*x - 4*m, -4*x + 3*x + 2*m + 34 = 0. List the prime factors of x.
2, 5
What are the prime factors of (148 - (3 - 5)) + 4?
2, 7, 11
Suppose 2*w = 19 - 93. Let j = -26 - w. List the prime factors of j.
11
Let o be 16/(-72) - (-266)/(-18). What are the prime factors of (0 - -4) + -1 - o?
2, 3
Let i be -6*(24/(-9) - -2). Suppose 3*x - 4*u = 5*x + 14, i*x + 3*u + 3 = 0. What are the prime factors of x?
3
Suppose -27 = 4*p - 3*v - 6, 12 = 4*v. Suppose -2*y + k + 19 = 0, -y = 3*y + 5*k - 3. Let j = y - p. List the prime factors of j.
2, 5
Let t(s) = s**2 + 3. Let l be t(0). Let n = 8 - 4. Suppose l*d - f = -2*d + 30, -3*d - n*f + 18 = 0. What are the prime factors of d?
2, 3
Suppose 0 = 3*r + 9, 2*z + 46 = r + 175. Suppose 2*n - z = -n. What are the prime factors of n?
3, 7
Let j = 1 - 3. Let v(g) = 4 - 7 - 3*g + 3. What are the prime factors of v(j)?
2, 3
Suppose -s + 24 = 5. What are the prime factors of s?
19
Suppose -3*p - 52 = -5*p. What are the prime factors of p?
2, 13
Let f(c) = 2*c**2 - 9*c. Let l be (2 - -6 - -1) + -3. List the prime factors of f(l).
2, 3
Let l(p) = -p**3 + 6*p**2 + 2*p - 9. Let v be -6*(0 + 1)*-1. What are the prime factors of l(v)?
3
List the prime factors of 2/4*22*3.
3, 11
Let k(q) = -q**2 + 2. Let f be k(0). Let z = -4 + f. List the prime factors of (-25)/z - 2/4.
2, 3
Let c(s) = 4*s + 45. What are the prime factors of c(12)?
3, 31
Let r(g) be the third derivative of 0*g - 1/4*g**4 + 0*g**3 + g**2 + 0 - 1/10*g**5 + 1/120*g**6. What are the prime factors of r(7)?
7
Suppose -5 = 5*f + 5. Let p = 17 + -9. What are the prime factors of (p - (3 + -1)) + f?
2
Let x(b) = b + 7. Suppose -2*w = -4*q + 20, 5*w - 25 = -5*q - 0. Let n be x(w). Suppose -n*k - 2*j + 40 = -3*k, 0 = -5*j + 20. List the prime factors of k.
2
Let m(o) = -o + 11. Let i(h) be the first derivative of -3*h**2/2 - 7*h - 2. Let l be i(-5). List the prime factors of m(l).
3
Let f be (-2)/(-6) - (-56)/12. Suppose -f*q + 81 = -64. List the prime factors of q.
29
Let q(x) = 9 + 7*x + 5 + x**2 - 5. Let v be q(-6). Let s = 7 - v. List the prime factors of s.
2
Let q = -18 - -9. What are the prime factors of q/12 - 165/(-12)?
13
Let p = -6 + 8. What are the prime factors of p/(-9) + (-224)/(-36)?
2, 3
Let z be -1 + 1/(-1) - -7. Suppose -3*j = -3*c + 24, 2*j = -2*j - z*c - 77. Let a = j - -23. What are the prime factors of a?
2, 5
Let i(f) = f**2 + 7. What are the prime factors of i(-7)?
2, 7
Let v = -16 - -28. List the prime factors of v.
2, 3
Let h = 80 - 21. What are the prime factors of h?
59
Let b = 5 - 8. Let g = b + 8. Suppose 3*j + 4*p + 0*p = 43, g*j - 57 = -3*p. What are the prime factors of j?
3
Suppose -v + 19 = -0*v. Suppose -q - 2*k + v = 0, -3*q - 4*k = -13 - 36. What are the prime factors of q?
11
Suppose 2*w = -3*m + 1 - 15, 4*m - 4*w + 52 = 0. Let x(q) = q**3 + 9*q**2 + 7*q - 3. Let o be x(m). Suppose 2*r - 31 + o = 0. List the prime factors of r.
13
List the prime factors of ((-13)/(-3))/(1/12).
2, 13
Suppose -117 - 3 = -2*d. What are the prime factors of d?
2, 3, 5
Suppose 2*t - 151 + 1 = 0. List the prime factors of t.
3, 5
Suppose 2*z - z = 0. Suppose -2*d - 4 = z, 2*j = 4*j + 5*d + 26. Let i = 18 + j. What are the prime factors of i?
2, 5
Let f be 2 + (3 + -1)*1. Suppose l = f*g - 88, 115 = 5*g + l + 5. List the prime factors of g.
2, 11
Suppose -5*r - s - s + 103 = 0, -4*r + 4*s = -60. List the prime factors of r.
19
Suppose 4*p = 2*p + 44. What are the prime factors of p?
2, 11
Let d = 27 - 16. Let u = d + 11. What are the prime factors of u?
2, 11
Let q(s) = -s**3 + 5*s**2 + 2*s + 13. Let p be q(6). Let o = 38 + p. What are the prime factors of o?
3
Let t = -10 - -25. Let k be 1 + (3 - (-3 - 38)). Suppose 2*a = -5*j + k, 2*a - j + 0*j = t. What are the prime factors of a?
2, 5
Let x be 12/1*18/27. Suppose -4*o = -0*o - x. List the prime factors of o.
2
Let i(b) = -b**3 + 6*b + 10. What are the prime factors of i(-3)?
19
Suppose 5*p - 5958 = 4*l, 4*p - 1616 = l + 3146. List the prime factors of 2/3 - p/(-51).
2, 3
Let o(w) = 19*w**3 - w**2 + w + 1. List the prime factors of o(1).
2, 5
Suppose 5*a - 16 = a. Suppose 3*f - 4*u = 5 + 17, -a*f + 4*u = -24. List the prime factors of f.
2
Let r(z) = -20*z - 6. List the prime factors of r(-3).
2, 3
Let l(t) be the first derivative of t**4/8 - t**3/3 + t**2 - 2. Let n(u) be the second derivative of l(u). What are the prime factors of n(3)?
7
Let o be -1 - (1 + -7)/3. Suppose o - 13 = -4*y. Suppose b - u = -y*u + 4, 0 = 2*b + 3*u - 8. List the prime factors of b.
2
Suppose 3*o - 92 = 91. List the prime factors of o.
61
Suppose -p + 0*p = -5. Suppose 5*b = -2*q - 7, q + 3*b - 53 = p*q. Let v = -7 - q. What are the prime factors of v?
2
Suppose 3*x + 66 = 2*y, x - 131 = -y - 4*y. Let m = -14 + y. What are the prime factors of m?
13
Suppose -4*z + 191 = 5*l + 53, -72 = -3*l + 3*z. What are the prime factors of l?
2, 13
Let c(i) = -i**3 + 7*i**2 - 5*i - 4. Suppose b = -0*s + s + 1, -4*b - 5*s + 49 = 0. Let o be c(b). List the prime factors of o/6 + 53/3.
2, 3
Let y be (-15)/(-9) + 4/(-6). Suppose y = 3*v + 13, 0 = 2*j - v - 22. List the prime factors of j.
3
Let u(o) = -5*o**3 + o + 0*o - 2*o**2 + 6*o**3 - 2. Let z be u(2). Suppose 0 = -3*d - 4*j - 11, -2*d + 3*j + 21 = -z. List the prime factors of d.
3
What are the prime factors of (-543)/(-15) + 5/(-25)?
2, 3
Let v(x) = -7*x**3 + x + 3. List the prime factors of v(-2).
3, 19
Let f(b) = b**2 + 5*b + 4. Let o be (-20)/6 + 8/(-12). Let z be f(o). Suppose 2*d + 9 = 5*p, 0*d - 3*d + 3*p = z. What are the prime factors of d?
3
Let j be (-6)/(-15) + 172/20. Let n = j + -7. List the prime factors of n.
2
List the prime factors of 31*((4 - 3) + 1).
2, 31
Let m(n) = 4*n - 10. Let s be m(7). List the prime factors of (s/(-4))/(2/(-4)).
3
Let t = -29 - -17. Let z = 21 + t. List the prime factors of z.
3
Let z(u) = 6*u. Let b be z(-1). List the prime factors of (-40)/b + (-8)/(-24).
7
Suppose -2*d = -i + 178, -3*d + 92 = -4*d - i. What are the prime factors of ((-2)/(-4))/((-3)/d)?
3, 5
Let g(a) = 40*a**2 - 1. Let x be g(-1). Let m = x + 36. Suppose -m = 2*c - 7*c. List the prime factors of c.
3, 5
Let a(y) = -39*y + 2. Let m(q) = -19*q + 1. Let d(f) = -6*a(f) + 13*m(f). Let n be d(-2). Suppose 0 = -0*r + 3*r - n. List the prime factors of r.
3
Let r = -24 + 115. What are the prime factors of r?
7, 13
Suppose 2*o + 3 = 5*o. Suppose 5*p - 4 - o = 0. What are the prime factors of p*-2*(0 - 2)?
2
Suppose -6*c = -3*c + q - 200, 5*q - 252 = -4*c. Suppose -3*v = -v - c. What are the prime factors of v?
2, 17
Suppose 5*l = i - 53 + 832, 5*l - 2*i - 783 = 0. List the prime factors of l.
5, 31
Let v(g) = -5*g - 4. Let l = -7 + 4. List the prime factors of v(l).
11
Suppose 2*p = 4*b - 16, -p + 5*b - 20 = p. Suppose h + 7 = 4*y, 3*h = -y + 6*h - 1. Suppose p*r = y*r - 20. What are the prime factors of r?
2, 5
Suppose 137 = 4*q + a, -2*a = 5*q - 4*a - 181. List the prime factors of q.
5, 7
Let g(s) = -3*s**3 - 6*s**2 - s - 4. List the prime factors of g(-5).
2, 113
What are the prime factors of 15/((-5)/(-1)) + 3?
2, 3
Suppose 253 = 4*w - 5*x, w - 5*x - 186 = -2*w. List the prime factors of w.
67
L